2 - 10*n - 6. Let z = -5 - 1. Let u be g(z). Let k = -33 - u. What is the units digit of k?
1
Suppose 389 = -32*o + 6533. What is the tens digit of o?
9
What is the units digit of (8 - 914)*(-6)/9?
4
Let a(h) = 10*h**2 + 123*h + 33. What is the units digit of a(-16)?
5
Suppose -200 = 5*i + 5*o, -4*i + o = -i + 120. Let c = 269 + i. What is the hundreds digit of c?
2
Suppose -8*r = -860 - 1020. What is the tens digit of r?
3
Suppose 2*k = 6*k + 20. Let f be (-4)/(-20) - (-21)/k. What is the tens digit of 248/14 + f/(-14)?
1
Let w(b) = -3 + 7 + b + b. Let y = -4 - -7. What is the units digit of w(y)?
0
Let h = -47 + 34. What is the units digit of (-13)/h - (-1 + -6)*11?
8
What is the hundreds digit of (1014/(-52))/((-2)/52)?
5
Let f = 124 + -75. Suppose -246 = 3*u - 6*u. Let w = u - f. What is the tens digit of w?
3
Let h(i) = -i**2 + 11*i - 7. Let t be h(10). Let z = t - 3. What is the units digit of z - (-2 - 30/1)?
2
Suppose 22*f - 2976 = 6*f. What is the units digit of f?
6
Let n be (2 + -1)/(3/(-216)). What is the units digit of 3*(-2)/4*2 - n?
9
What is the units digit of 61/((-4)/(56/(-2)))?
7
Let w = 11 - 17. Let g = w + 25. Suppose -x - g = -52. What is the tens digit of x?
3
Let d(x) be the third derivative of 4*x**5/15 - x**4/12 + x**3/6 - x**2. Suppose 13*o - 24*o + 11 = 0. What is the tens digit of d(o)?
1
Let p = 16 + 0. Suppose -17*a = -p*a - 53. What is the units digit of a?
3
Let q be (-2)/(-4) + 15/(-6) - -7. Suppose -o + 23 = q*y, -y + 85 - 330 = -5*o. What is the units digit of o?
8
Let z = 1580 - 350. What is the tens digit of z?
3
Let h = 3 + 3. Let c be (-2)/3 - 2/h. Let x = c + 20. What is the tens digit of x?
1
Suppose -3*l - 241 - 65 = 0. Suppose 2*v = 5*j - 145 - 620, -4*v + 612 = 4*j. Let r = j + l. What is the tens digit of r?
5
Let y(b) = -2 + 15*b**2 - 25*b**2 + 4 - b**3 + 9*b. Let o be y(-11). Suppose -o = 5*h - 9*h. What is the units digit of h?
6
Let h(q) be the second derivative of 5*q**3/3 - 3*q**2/2 - 4*q. Let g be h(2). Suppose 5*z - 68 = z + 4*p, p = -z + g. What is the tens digit of z?
1
Suppose -p = -4*p + 3*h + 588, 4*p = -5*h + 793. Suppose -5*u = -4*a + 5 + p, a + 4*u - 40 = 0. Suppose -a = -3*z - z. What is the tens digit of z?
1
Let f = 13550 + -8716. What is the units digit of f?
4
Let y(f) = -f**2 - 3*f + 4. Let x be y(-4). Let d be ((-10)/2)/(-1 - x). Suppose 0 = -5*l + 4*r + 288, -2*l + 111 - 9 = d*r. What is the tens digit of l?
5
Let w = 205 + -85. Suppose 2*d - w = -3*d. Suppose -2*r = -r - d. What is the units digit of r?
4
Let k be (1/3)/(5/30). Let p be 13 + (k + -9 - -4). Suppose p = 4*g + 2. What is the units digit of g?
2
Let r(n) = -3*n - 17. Let w be r(-7). Suppose 0 = 2*z + 3*d - 320, 474 = -z + w*z + 3*d. What is the hundreds digit of z?
1
Let p(a) = -a**2 + 42*a - 88. What is the tens digit of p(26)?
2
Let n(c) = 344*c - 12. What is the units digit of n(3)?
0
Let z(h) = 116*h + 48. What is the units digit of z(10)?
8
Let d = -383 + 150. Let u = d - -165. Let o = -19 - u. What is the tens digit of o?
4
Let t be (-308)/(-26) + (-8)/(-52). Suppose 9*o + 162 = t*o. What is the tens digit of o?
5
Let p(q) = -9*q - 7. Let h(d) = 2*d + 14. Let b be h(-5). Suppose -2*v + 3 = -r, r + b*v + 21 - 6 = 0. What is the units digit of p(r)?
6
What is the units digit of (-6091)/(-4) + 123/(-164)?
2
Suppose 13*b = 20*b - 5222. What is the hundreds digit of b?
7
Suppose -3*z - 91 - 174 = -m, -5*m + 1381 = -z. Suppose w + 2 = -w, 2*q + 3*w = m. What is the tens digit of q?
4
Let m(r) = r**3 + 19*r**2 + r + 47. What is the tens digit of m(-14)?
1
Let d = 21 + -17. Suppose -1255 = -5*o + 6*u - u, -u + 979 = d*o. Suppose 0 = 3*j + 96 - o. What is the tens digit of j?
5
Suppose -2*w = -3*r - 1994, 5*w = -r + 5911 - 943. What is the units digit of w?
4
Suppose w - 7 = -4*l, 3*l + 2*w + 0 + 1 = 0. Suppose c - l = -5. Let d = 42 + c. What is the tens digit of d?
4
Suppose 3*a - k - 1747 = 0, -3*k = 3*a - 0*k - 1755. What is the tens digit of a?
8
Let y(s) = 1 + s**2 + 10*s + 2*s - 2*s**2 - 2. Suppose 1 = 4*a - 19. What is the tens digit of y(a)?
3
Suppose -7195 - 1539 = -4*h - 2*a, -4*h + a = -8737. What is the tens digit of 2/(h/436 - 5)?
1
Let q be (-194)/4 + (-12)/8. Suppose -2*l = -7 + 5. What is the units digit of 22 + -23 - l*q?
9
Suppose 21*c = 34063 + 14699. What is the hundreds digit of c?
3
Let i = 16 - 17. What is the units digit of (-5 - -16)*(7 + i)?
6
Let j(a) = a + 1. Let r(y) = -y**3 + 10*y. Let k(m) = 4*j(m) - r(m). What is the tens digit of k(5)?
9
Let c(x) = -x**3 - 20*x**2 - 32*x + 61. What is the units digit of c(-19)?
8
Let t(w) = 3*w. Suppose 5 = 3*b - 4. Suppose b*g - 7*g + 32 = 0. What is the tens digit of t(g)?
2
Let l be (-5 + (-35)/(-10))/(2/(-4)). Suppose -2*c = l*c - 430. What is the tens digit of c?
8
Suppose 5*p - 5020 = -5*p. What is the hundreds digit of p?
5
Let o = 7 - 5. Suppose -n - o*n = -27. What is the units digit of n?
9
Let x = 41 + -38. Suppose -f - 3*z + 511 = 4*f, -x*f + 2*z + 318 = 0. What is the units digit of f?
4
Let n(r) = -24*r**2 + 2*r + 6. Let v be n(-2). Let b = -57 - v. What is the units digit of b?
7
Let b(i) = i**3 - 9*i**2 + 10*i - 10. Let w be b(8). Suppose -w*a = -5*a - 155. What is the units digit of a?
5
Suppose -7*m + 2*m = -20. Suppose 2*j - 13 = -3*r, m*r - j - 3*j = 4. What is the tens digit of (-154)/(-6) + (-2)/r?
2
Suppose 223 = 2*v - 1161. What is the units digit of v?
2
Let o = 20 + -17. What is the tens digit of o/((-5)/310*(-1 + -5))?
3
Suppose -31*w = -34*w + 1863. What is the tens digit of w?
2
Let i = -3694 + 5471. What is the units digit of i?
7
Suppose 7 = 8*l - 7*l. Let x(k) = -k**3 + 7*k**2 + 2*k - 5. Let s be x(l). What is the tens digit of 245/s + 4/(-18)?
2
Suppose -46*u = 4*p - 51*u - 14631, -u + 5 = 0. What is the tens digit of p?
6
Suppose 5*w - 4166 = -2*k, 0 = -k + 4*w + 319 + 1738. What is the thousands digit of k?
2
Let p(b) be the third derivative of -b**5/60 + b**4 - 11*b**3/6 + 51*b**2. What is the hundreds digit of p(13)?
1
Let g = 62 - 54. Let v(p) = p**2 + 6*p - 9. What is the hundreds digit of v(g)?
1
Let v(h) = 2*h + 9. Let k be v(-5). Let n be ((-3)/(-4))/(k/(-4)). Suppose 0 = -n*x + 6 + 18. What is the units digit of x?
8
Suppose 0*i = -4*b - i - 1, -4*i = -2*b - 14. What is the tens digit of 24/16*(93 - b)?
4
Suppose 35*t + 7350 = 38*t. What is the tens digit of t?
5
Let h(r) be the second derivative of 0 - 6*r - 7/6*r**3 - 9/2*r**2. What is the units digit of h(-7)?
0
Let z(r) = 7*r**2 + 27*r + 1. Let q be z(5). Let c = -161 + q. What is the units digit of c?
0
Suppose -3*o = 5*t - 412, -t + 377 = 3*o - 3*t. What is the hundreds digit of o?
1
Suppose 5*l = -4*w + 44, 0*l + 32 = 4*w + 2*l. Suppose -w*u + 4*u + 232 = 0. What is the tens digit of u?
1
Suppose -7*v - 7*v = -10*v. Suppose v = -2*l + 5*z + 264, -6*l + l = -3*z - 622. What is the tens digit of l?
2
Let c(x) = 6*x**2 - 14*x - 8. Suppose -2*g = -8*m + 3*m + 45, 3*m - 36 = 3*g. What is the units digit of c(m)?
8
Let n(p) = 7*p**3 + 2*p - 2. Let b be n(2). Suppose -328 = -5*i - b. Suppose i = u + u. What is the units digit of u?
7
Let w = 6 - 3. Let z(v) = v**3 - 14*v**2 - 16*v + 36. Let n be z(15). Suppose 4*a - 13 = a - p, -a + w*p = -n. What is the units digit of a?
6
Suppose -4*c + 16 = 60. Let o(v) = v**3 + 10*v**2 - 10*v + 14. Let u be o(c). Suppose u*b - 40 = -2*b. What is the units digit of b?
8
Let y be (-4)/(-3)*(-9)/(-6). Suppose -8 = -3*r + y*c + 23, r - 5*c = 32. Suppose -r = -2*w + 15. What is the units digit of w?
1
Suppose -3*w + 8 = -w, w + 106 = q. What is the units digit of q?
0
Let a(i) = i**3 + 8*i**2 + 7*i - 12. Let z be a(-6). Suppose -3*f + 41 = 5*d, 2*d + 2*f + 0*f = z. What is the units digit of d?
7
Let a = -693 - -1442. What is the tens digit of a?
4
Let c(p) = -p**2 - 7*p - 12. Let s be c(-3). Suppose -a - 5*l = 2, s*l - 4*l - 20 = 0. What is the tens digit of a?
2
What is the hundreds digit of (2 + 2)*(3 - (-3785)/20)?
7
Suppose -3*q + 2*a + 10 = -11, -a - 3 = 0. Suppose 3*w - 2*w = 5*f - 533, -91 = -f - q*w. What is the tens digit of f?
0
Let u(g) = -5*g**2 + 9*g - 10. Let n(d) = -d**2 - 1. Let v(y) = 6*n(y) - 2*u(y). What is the hundreds digit of v(9)?
1
Let a = 48 + -38. Suppose 4*x + x = -a, 0 = j + 4*x - 203. Wha